
Calculate the remainder when 564486 is divided by 59.
33
Calculate the remainder when 3643 is divided by 228.
223
What is the remainder when 1477 is divided by 112?
21
What is the remainder when 1490264 is divided by 513?
512
What is the remainder when 774 is divided by 448?
326
Calculate the remainder when 1850 is divided by 1812.
38
Calculate the remainder when 25663 is divided by 79.
67
Calculate the remainder when 989379 is divided by 20.
19
Calculate the remainder when 24175 is divided by 159.
7
What is the remainder when 16199 is divided by 17?
15
Calculate the remainder when 50011 is divided by 8322.
79
Calculate the remainder when 10341 is divided by 178.
17
What is the remainder when 183262 is divided by 57?
7
Calculate the remainder when 1568 is divided by 293.
103
Calculate the remainder when 7905 is divided by 7839.
66
Calculate the remainder when 11127 is divided by 121.
116
Calculate the remainder when 34993 is divided by 486.
1
Calculate the remainder when 1535801 is divided by 93.
92
What is the remainder when 29641 is divided by 3289?
40
What is the remainder when 168457 is divided by 262?
253
Calculate the remainder when 229935 is divided by 4892.
11
Calculate the remainder when 4098 is divided by 1197.
507
Calculate the remainder when 56044 is divided by 248.
244
Calculate the remainder when 651 is divided by 570.
81
What is the remainder when 47678 is divided by 45?
23
Calculate the remainder when 7806 is divided by 89.
63
Calculate the remainder when 707 is divided by 301.
105
What is the remainder when 89707 is divided by 18?
13
What is the remainder when 89016 is divided by 235?
186
Calculate the remainder when 1720 is divided by 90.
10
What is the remainder when 4135 is divided by 516?
7
What is the remainder when 29663 is divided by 3707?
7
Calculate the remainder when 7928 is divided by 12.
8
What is the remainder when 45357 is divided by 7458?
609
Calculate the remainder when 78430 is divided by 15.
10
Calculate the remainder when 2067 is divided by 512.
19
Calculate the remainder when 307804 is divided by 61.
59
What is the remainder when 41054 is divided by 23?
22
What is the remainder when 5232 is divided by 741?
45
Calculate the remainder when 1355793 is divided by 53.
0
Calculate the remainder when 32735 is divided by 32722.
13
What is the remainder when 4173 is divided by 149?
1
Calculate the remainder when 58964 is divided by 126.
122
What is the remainder when 4678 is divided by 595?
513
What is the remainder when 31645 is divided by 119?
110
Calculate the remainder when 6293 is divided by 2085.
38
What is the remainder when 445557 is divided by 28?
21
Calculate the remainder when 21139 is divided by 143.
118
What is the remainder when 19495 is divided by 348?
7
What is the remainder when 389 is divided by 381?
8
Calculate the remainder when 1365 is divided by 28.
21
Calculate the remainder when 2169 is divided by 553.
510
What is the remainder when 173983 is divided by 57983?
34
What is the remainder when 128017 is divided by 42662?
31
What is the remainder when 13792 is divided by 347?
259
Calculate the remainder when 3187 is divided by 500.
187
What is the remainder when 137352 is divided by 7229?
1
What is the remainder when 22322 is divided by 132?
14
What is the remainder when 5999 is divided by 224?
175
What is the remainder when 104934 is divided by 9?
3
Calculate the remainder when 11124 is divided by 5537.
50
What is the remainder when 11345 is divided by 363?
92
What is the remainder when 2622 is divided by 386?
306
What is the remainder when 7546 is divided by 3728?
90
What is the remainder when 6034 is divided by 17?
16
What is the remainder when 5489 is divided by 2138?
1213
What is the remainder when 5292 is divided by 352?
12
What is the remainder when 2713 is divided by 40?
33
Calculate the remainder when 400485 is divided by 66.
63
What is the remainder when 652 is divided by 27?
4
Calculate the remainder when 1459 is divided by 280.
59
Calculate the remainder when 730124 is divided by 59.
58
What is the remainder when 2251 is divided by 10?
1
Calculate the remainder when 245813 is divided by 233.
231
Calculate the remainder when 17984 is divided by 175.
134
Calculate the remainder when 978 is divided by 367.
244
What is the remainder when 1778 is divided by 575?
53
Calculate the remainder when 19453 is divided by 128.
125
What is the remainder when 11062 is divided by 135?
127
What is the remainder when 164740 is divided by 7844?
16
Calculate the remainder when 6873 is divided by 52.
9
What is the remainder when 2432631 is divided by 29?
24
What is the remainder when 3278 is divided by 3240?
38
What is the remainder when 1873 is divided by 409?
237
Calculate the remainder when 2329 is divided by 329.
26
Calculate the remainder when 90820 is divided by 160.
100
Calculate the remainder when 476 is divided by 95.
1
What is the remainder when 7761 is divided by 31?
11
Calculate the remainder when 2210459 is divided by 60.
59
What is the remainder when 33817 is divided by 16902?
13
What is the remainder when 8970 is divided by 902?
852
What is the remainder when 502 is divided by 154?
40
What is the remainder when 44284 is divided by 7374?
40
What is the remainder when 3170 is divided by 1050?
20
Calculate the remainder when 23378 is divided by 1305.
1193
Calculate the remainder when 51493 is divided by 377.
221
What is the remainder when 491795 is divided by 18?
17
What is the remainder when 2264 is divided by 17?
3
What is the remainder when 28045 is divided by 5602?
35
What is the remainder when 6738 is divided by 10?
8
What is the remainder when 57921 is divided by 175?
171
What is the remainder when 7190 is divided by 1256?
910
Calculate the remainder when 1006 is divided by 88.
38
What is the remainder when 1360 is divided by 381?
217
Calculate the remainder when 152356 is divided by 575.
556
What is the remainder when 1019 is divided by 860?
159
Calculate the remainder when 1062 is divided by 102.
42
What is the remainder when 6473 is divided by 1271?
118
Calculate the remainder when 143389 is divided by 10.
9
Calculate the remainder when 329888 is divided by 82472.
0
Calculate the remainder when 113221 is divided by 8.
5
What is the remainder when 261957 is divided by 612?
21
What is the remainder when 4800 is divided by 237?
60
What is the remainder when 9743 is divided by 573?
2
What is the remainder when 2024 is divided by 511?
491
Calculate the remainder when 166430 is divided by 19.
9
Calculate the remainder when 1200 is divided by 995.
205
Calculate the remainder when 10045 is divided by 157.
154
What is the remainder when 12831 is divided by 513?
6
What is the remainder when 1302 is divided by 228?
162
Calculate the remainder when 3509 is divided by 1163.
20
What is the remainder when 16672 is divided by 35?
12
Calculate the remainder when 4369 is divided by 46.
45
What is the remainder when 3440 is divided by 75?
65
What is the remainder when 1801 is divided by 74?
25
What is the remainder when 1703 is divided by 322?
93
Calculate the remainder when 988314 is divided by 40.
34
Calculate the remainder when 7031 is divided by 459.
146
What is the remainder when 348459 is divided by 2833?
0
What is the remainder when 32389 is divided by 67?
28
What is the remainder when 2489 is divided by 178?
175
Calculate the remainder when 53845 is divided by 26922.
1
What is the remainder when 31745 is divided by 152?
129
What is the remainder when 9074 is divided by 207?
173
Calculate the remainder when 226 is divided by 64.
34
Calculate the remainder when 48576 is divided by 48486.
90
What is the remainder when 11969 is divided by 2390?
19
Calculate the remainder when 1958 is divided by 106.
50
Calculate the remainder when 6054 is divided by 354.
36
Calculate the remainder when 15023 is divided by 357.
29
Calculate the remainder when 94211 is divided by 47101.
9
Calculate the remainder when 47395 is divided by 414.
199
What is the remainder when 1865 is divided by 168?
17
What is the remainder when 1430 is divided by 34?
2
Calculate the remainder when 21461 is divided by 3570.
41
What is the remainder when 177501 is divided by 32?
29
What is the remainder when 3231 is divided by 270?
261